- 185*l**2. Let a be p(7). Give j(a).
-2
Let u(t) = t**3 + 6*t**2 + 5*t + 4. Let c be u(-5). Let o be -2 + (5 - (c - 0)) + 3. Let w(l) = -2859*l - 2*l**2 + 2857*l + 3*l**o. Determine w(5).
15
Let p(m) = -3*m**2 + 12*m. Let n(o) = -o**3 - 8*o**2 - 16*o - 20. Let u be n(-6). Let v(d) = -7*d**2 + 25*d - 1. Let j(c) = u*v(c) - 9*p(c). Determine j(-7).
3
Let o(b) = -b**3 + b**2 + 3*b - 6. Suppose -9 = 3*n, 0 = a + 4*n - 18 + 28. Determine o(a).
-4
Let h(f) = 30*f**3 - 103*f**2 + 126*f - 482. Let a(o) = 11*o**3 - 34*o**2 + 35*o - 161. Let x(r) = -11*a(r) + 4*h(r). Determine x(-41).
7
Let t(s) = s**3 - 5*s**2 + 2*s - 4. Let d be t(5). Let m(p) = -261*p - 2. Let b(c) = -163*c - 1. Let r(x) = -8*b(x) + 5*m(x). Give r(d).
-8
Suppose -3 = -4*c + 13, 18 = 3*k + 3*c. Let t(u) be the second derivative of 1/3*u**3 + 0 + 11*u + 1/2*u**k. Determine t(-1).
-1
Let z = 5795 + -5786. Let p(g) = 3*g - 2. Let j(v) = -v. Let f(i) = -4*j(i) - p(i). Determine f(z).
11
Let r = 31 + -32. Let x(h) = h**2 + h. Let g(q) = -q**3 + 2*q**2 + 4*q + 16. Let j(l) = 2*l - 7. Let u be j(5). Let i(k) = r*g(k) + u*x(k). Give i(0).
-16
Let s(u) = u**2 + 6*u + 6. Suppose -15*p = -1827 + 477. Let b(x) = -x**3 - 9*x**2 - 2*x + 1. Let h be b(-6). Let q = h + p. Determine s(q).
1
Let l(h) = -h**3 - h**2 + h + 51. Let v be l(0). Let a(p) = -v + p - 48 + 86. Give a(10).
-3
Let c(k) = -131*k**2 + 5 + 88*k**2 + 42*k**2 + 3*k. Determine c(-5).
-35
Let c(q) = -2*q + 13. Let s(l) = -l + 6. Suppose 0*v - 6*v = 2*v. Suppose 0 = -v*u - 2*u - 4. Let m(p) = u*c(p) + 5*s(p). What is m(3)?
1
Let w = 1238 + -1238. Let j(a) = a**3 + 2*a**2 + 2*a + 19. Calculate j(w).
19
Let j be ((-2)/(-5))/((-13)/(-65)). Let d(z) = z**2 - z - j + 19 - 8. Let g be 0 - -1 - (1 + 0). What is d(g)?
9
Let w be (-12)/(-20) + (-94)/(-10). Let x(r) = 9*r - 26*r + 7*r + 9*r - w. Let y be -2 + -3 + 7 + (4 - -2). Determine x(y).
-18
Let y(t) = -749*t**2 - 20 + 1492*t**2 - 746*t**2 + 84 - 100*t. What is y(-34)?
-4
Let s(g) = -7*g**3 - 468*g**2 + 69*g + 148. Let x be s(-67). Let i(n) = n**3 - 15*n**2 + 20*n - 78. Give i(x).
6
Let s(r) be the first derivative of 13*r**4/4 - r**2/2 - 1. Suppose -9*f = -34*f + 100. Let v be -6 - 4/(f/(-5)). Give s(v).
-12
Let h(b) = 3*b + 5. Let z(w) be the first derivative of 3*w**2/2 + 3*w - 5. Let a(i) = -3*h(i) + 5*z(i). What is a(1)?
6
Let q be (4/14)/((-26)/(-455)). Let j(b) be the second derivative of q*b**2 - 8*b - 1/6*b**3 + 0. Give j(9).
1
Let h be (-1 + -36)/(27 - 28). Let k(s) = h*s - 19*s - s**2 - 22*s + 3 + 5. Give k(-6).
-4
Let y(o) be the third derivative of -134*o**2 + 1/4*o**4 - o**3 - o + 0. Calculate y(-5).
-36
Let o(k) = -k**3 - 14*k**2 - 12*k + 11. Suppose -21*i + 36 = -12*i. Suppose -i = r, -7*j = -11*j + r - 48. Give o(j).
-2
Let x(z) = -10*z + 38 - 14*z - 88*z + 110*z. Give x(9).
20
Let j(d) = 28*d - 55. Let i(y) = 52*y - 105. Let g(x) = -4*i(x) + 7*j(x). What is g(7)?
-49
Let q be 5/(270/(-96)) - 6/27. Let h(f) = -2*f - 1. Let k(i) = -10*i - 1. Let t(u) = q*k(u) + 11*h(u). Give t(-6).
3
Let b(q) be the third derivative of -q**4/8 - 2*q**3/3 + 3503*q**2. Let z(u) = u**3 + 4*u**2 + u - 3. Let f be z(-3). What is b(f)?
-13
Let y = -4508 + 4502. Let m(i) = -i**2 - 13*i - 42. Determine m(y).
0
Let x(g) be the second derivative of -g**4/6 + g**2 + 8*g. Let k(a) = -48*a - 578. Let q be k(-12). Give x(q).
-6
Let z(f) = 4*f**3 + 6*f**2 + 1. Let u(x) = x**3 + x + 1. Let s(o) = -5*u(o) + z(o). Suppose -4*m + 3*i - 5 + 10 = 0, -i + 5 = 0. What is s(m)?
-4
Let i(h) = -h + 2. Let b = -57 + 60. Suppose -4*j = 3*v + 33, 4*v - 4*j = -b*j - 63. Let s(r) = r**2 + 13*r - 34. Let c be s(v). Determine i(c).
6
Let t(m) = m**2 - 18*m + 31. Let j(c) = 3*c**3 + 51*c**2 - 181*c - 3. Let i be j(-20). Determine t(i).
14
Suppose -3*r = -6*r + 3*a - 6, 12 = 4*a. Let u(q) = -5*q + 16*q - r - 12*q. Calculate u(-5).
4
Suppose 0 = 7*j - 9*j + 2*v - 764, -2*j - 767 = -3*v. Let d = 374 + j. Let z(r) = -r**2 - 7*r. What is z(d)?
10
Let d(u) = 4*u**3 - 18*u**2 + 10*u + 13. Let q(a) = 3*a**3 - 18*a**2 + 12*a + 15. Let x(l) = -2*d(l) + 3*q(l). Calculate x(17).
2
Let s(c) = -c**3 + 7*c**2 - 12*c + 28. Let w be (((-855)/38)/9)/((-10)/24). Determine s(w).
-8
Let a be ((-24)/(-20))/(385/(-100) - -4). Suppose 27 = 7*b - a. Let z(c) = c - 9. Determine z(b).
-4
Let y(u) be the second derivative of u**6/72 - u**5/60 + u**4/24 + 26*u**3/3 - 4*u - 12. Let t(q) be the second derivative of y(q). Give t(1).
4
Let t(n) = -n + 7. Let h = -665 + 590. Let d = h + 83. Determine t(d).
-1
Let j(y) = 2*y**2 + 4*y + 1. Let i be j(-1). Let h be ((-27)/36 + 86/8)/i. Let o(p) = 2 - 11*p - 2*p**2 + 0*p**3 + p - 9*p**2 - p**3. Determine o(h).
2
Let g = 6 + -4. Suppose 13*o = g*o + 22. Suppose 4 = -o*f + 2*m, m - 4 = 3*f + 10. Let c(s) = -s**2 - 4*s + 2. Give c(f).
-10
Let t(o) = -8*o**2 + 2*o - 1. Suppose 3*a = 2*y - 0*a + 73, 4*a = -2*y - 66. Let j = y - -87. Let c = -51 + j. Determine t(c).
-7
Let k(y) = -y + 6. Let t be 2/(-6)*-3 + 3. Let g be k(t). Let q(d) = 3*d + 8. Let p(v) = -v - 2. Let l(u) = -7*p(u) - 2*q(u). What is l(g)?
0
Let f = -74 + 77. Let l(c) = -8 - 6 - c + f + 2*c. Suppose 4*n = 2*h + 30, 2*n + h - 25 = -n. Give l(n).
-3
Let w(r) = r**3 + 5*r**2 + r + 36. Let x be (4/(-10))/(201/3015). Calculate w(x).
-6
Let w(v) be the first derivative of v**4/6 + 5*v**3/6 + 9*v**2 - 53. Let p(g) be the second derivative of w(g). Calculate p(8).
37
Let v(i) = -i**2 + 2*i. Let w(y) = 7*y**2 + y + 1. Let n(g) = 6*v(g) + w(g). Let x(r) = r. Let b(u) = n(u) - 4*x(u). Determine b(-7).
-13
Let b be ((-66)/4)/(135/90). Let k(m) = m**2 + 5*m - 9. Let u(x) = -x. Let q(d) = k(d) - 6*u(d). What is q(b)?
-9
Let y(p) = -13*p - 261. Let v(t) = t**3 - 13*t**2 + t - 485. Let x be v(15). Give y(x).
-1
Let n be 20*(2/5 - 0). Let q(l) = -3*l**3 - l**2 + 10*l + 1. Let h(x) = -13*x**3 - 8*x**2 + 40*x + 6. Let f(w) = 2*h(w) - 9*q(w). What is f(n)?
-13
Let b(u) be the third derivative of 3*u**4/8 + 20*u**3/3 - 2440*u**2. Give b(-5).
-5
Let g(c) = 5*c + 1. Let o(m) = -m**2 + 15*m + 42. Let i(v) = 6*g(v) - o(v). Calculate i(-17).
-2
Let q(p) = -p**3 - p**2 - p + 8. Suppose -20 = 2*z + 11*g - 6*g, -2*z + 3*g + 12 = 0. Determine q(z).
8
Let l(w) = 11*w**2 - 21 + 11*w + 5*w**3 + 2*w**3 + w**3 - 10*w**3. Give l(6).
9
Let y(l) = 47*l + 9. Let b(c) = 23*c + 4. Let a(d) = 7*b(d) - 3*y(d). Let w = 609473 - 609472. What is a(w)?
21
Let o(x) = 0*x**3 - 9 - 8*x**2 + x - 5*x - 10*x + 5*x**3. Let r(d) = -d**3 + d. Let g(h) = -o(h) - 6*r(h). Let i(n) = -n - 7. Let b be i(0). Determine g(b).
2
Suppose 2*i - 7*i = -2*k + 10, -4*k = i + 24. Let p be (1 + -1)/((-10)/(-2)). Let q(m) = 3*m**2 + p*m**3 - 7*m + 3 + 2*m - 2*m - 8 + m**3. Give q(i).
7
Suppose 88*p + 3*t - 15 = 99*p, -5 = -t. Let z(h) = 2*h**3 - h**2 + 5*h + 4. Calculate z(p).
4
Let q(o) = -49*o - 1. Let g(r) = 673*r + 5. Let n(v) = -g(v) - 14*q(v). Give n(-2).
-17
Let d(i) be the first derivative of -i**2 + 2*i + 8. Suppose -19 + 17 = z. Let l be 3 - (0 - -6) - z - -7. Calculate d(l).
-10
Let u = 956 - 942. Let k(c) = -5*c + 62. Give k(u).
-8
Suppose -3185 = 528*d - 324*d - 449*d. Let m(g) = -2*g**2 + 9 + 2*g**2 - g**2 + 12*g. What is m(d)?
-4
Let v(z) = 2*z**2 - 26910*z + 0 - 2 + 26921*z. Give v(-9).
61
Let l(y) = -8*y + 5. Let f(j) = 34*j - 20. Suppose 4*g - n = 7, 4*g - 4 = 4*n - 0. Let i(h) = g*f(h) + 9*l(h). Determine i(2).
-3
Suppose -2*g + 3 = -x + 16, 5*g + 10 = -5*x. Let k(l) = -20 - l**3 + 7 + 2*l**3 - 9*l**2 + x + 4 + 11*l. Determine k(8).
18
Let k(o) be the second derivative of -11*o**4/6 - o**3/3 + o**2/2 + 723*o + 3. Calculate k(-1).
-19
Let r(a) = 15*a - 8. Let o(h) = 13*h - 7. Let k(j) = 3*o(j) - 2*r(j). Let u(z) = -17*z + 11. Let d(f) = 9*k(f) + 4*u(f). Give d(1).
12
Suppose -130*f + 127*f - 3*i = 30, -f + 20 = -4*i. Let p(a) = -5*a**2 - 19*a - 6. Calculate p(f).
-10
Suppose 0 = -3*f - 3*c + 96, 2*c = -f + 5*c + 48. Let p(h) = f*h**2 - 71*h**2 - 14 + h**3 + 47*h**2. Calculate p(-12).
-14
Let h(u) be the second derivative of -3*u**4/4 - 1311*u. Suppose -6 = 4*a - 2*y, 4*a + 1 = -2*y - 1. What is h(a)?
-9
Let p(z) = -2*z - z - z + 0 + 1. Suppose -7*i + 17*i = 180. Suppose 20 = -5*r + 5*w, 5*r - 5*w + 2*w + i = 0. Determine p(r).
13
Let w(k) = -k**2 - 4*k + 91. Let x be 4/(-18)*-18 + -15. Give w(x).
14
